{"id":84,"date":"2019-04-17T15:46:13","date_gmt":"2019-04-17T13:46:13","guid":{"rendered":"http:\/\/test.cogito-institut.eu\/?page_id=84"},"modified":"2019-04-18T15:23:29","modified_gmt":"2019-04-18T13:23:29","slug":"wilfried-glissmann","status":"publish","type":"page","link":"https:\/\/cogito-institut.de\/?page_id=84","title":{"rendered":"Wilfried Gli\u00dfmann"},"content":{"rendered":"\n<figure class=\"wp-block-image is-resized\"><img loading=\"lazy\" decoding=\"async\" src=\"http:\/\/test.cogito-institut.eu\/wp-content\/uploads\/2019\/04\/Wilfried-Gli\u00dfmann.jpg\" alt=\"\" class=\"wp-image-247\" width=\"204\" height=\"251\" srcset=\"https:\/\/cogito-institut.de\/wp-content\/uploads\/2019\/04\/Wilfried-Gli\u00dfmann.jpg 336w, https:\/\/cogito-institut.de\/wp-content\/uploads\/2019\/04\/Wilfried-Gli\u00dfmann-244x300.jpg 244w\" sizes=\"auto, (max-width: 204px) 100vw, 204px\" \/><\/figure>\n\n\n\n<p>Geboren\n1953 in Perleberg. Studium der Mathematik und Philosophie an der Universit\u00e4t\nK\u00f6ln. Seit 1985 als System Engineer bei der IBM Deutschland GmbH in D\u00fcsseldorf.\n<\/p>\n\n\n\n<p>Von\n1992 bis 2002 Mitglied im Gesamtbetriebsrat der IBM Deutschland GmbH und\nMitglied im Aufsichtsrat der IBM Informationssysteme GmbH (von 1993 bis 2001).\nSeit 2003 Mitglied im Aufsichtsrat der IBM Deutschland GmbH. Seit 1993\nfreigestellter Betriebsrat und Vorsitzender des Betriebsrates IBM D\u00fcsseldorf\n(1993 begann weltweit die grundlegende Reorganisation der IBM). <\/p>\n\n\n\n<p>Seit\nAnfang der 90er Jahre gemeinsame philosophische Diskussionen mit Klaus Peters\nin K\u00f6ln. Ab 1992 Zusammenarbeit mit Klaus Peters in einem interdisziplin\u00e4ren\nArbeitskreis \u00fcber Selbstorganisationstheorien und Dialektik. Gemeinsame Entwicklung\nder Theorie der Indirekten Steuerung. Erste praktische Umsetzung in den\nAktionen der IBM Betriebsr\u00e4te \u201eMonat der Besinnung\u201c (November 1997) und \u201eMeine\nZeit ist mein Leben\u201c (November 1998). Das im Jahre 2001 ver\u00f6ffentlichte Buch\n\u201eMehr Druck durch mehr Freiheit\u201c dokumentiert zugleich die Zusammenarbeit mit\nKlaus Peters in den 90er Jahren. <\/p>\n\n\n\n<p>Seit\n1997 Zusammenarbeit mit Angela Schmidt. Gemeinsame Entwicklung einer Methodik,\nSelbstverst\u00e4ndigungsprozesse im Betrieb durch Texte anzusto\u00dfen. Die Arbeit f\u00fchrte\nzu dem Thema neuer Steuerungskonzepte wie Target Costing oder Activity Based\nCosting und zur Frage der Gesundheit unter den Bedingungen der indirekten\nSteuerung. Das Thema neuer Steuerungskonzepte wurde anschlie\u00dfend in einem\ninterdiszipl\u00e4ren Arbeitskreis der IG Metall bearbeitet. Das von Hilde Wagner\nherausgegebene Buch \u201eRentier\u2019 ich mich noch?\u201c (2006) dokumentiert die\nErgebnisse.<\/p>\n","protected":false},"excerpt":{"rendered":"<p>Geboren 1953 in Perleberg. Studium der Mathematik und Philosophie an der Universit\u00e4t K\u00f6ln. Seit 1985 als System Engineer bei der IBM Deutschland GmbH in D\u00fcsseldorf. Von 1992 bis 2002 Mitglied im Gesamtbetriebsrat der IBM Deutschland GmbH und Mitglied im Aufsichtsrat [&hellip;]<\/p>\n","protected":false},"author":1,"featured_media":0,"parent":0,"menu_order":0,"comment_status":"closed","ping_status":"closed","template":"","meta":{"footnotes":""},"class_list":["post-84","page","type-page","status-publish","hentry"],"_links":{"self":[{"href":"https:\/\/cogito-institut.de\/index.php?rest_route=\/wp\/v2\/pages\/84","targetHints":{"allow":["GET"]}}],"collection":[{"href":"https:\/\/cogito-institut.de\/index.php?rest_route=\/wp\/v2\/pages"}],"about":[{"href":"https:\/\/cogito-institut.de\/index.php?rest_route=\/wp\/v2\/types\/page"}],"author":[{"embeddable":true,"href":"https:\/\/cogito-institut.de\/index.php?rest_route=\/wp\/v2\/users\/1"}],"replies":[{"embeddable":true,"href":"https:\/\/cogito-institut.de\/index.php?rest_route=%2Fwp%2Fv2%2Fcomments&post=84"}],"version-history":[{"count":2,"href":"https:\/\/cogito-institut.de\/index.php?rest_route=\/wp\/v2\/pages\/84\/revisions"}],"predecessor-version":[{"id":248,"href":"https:\/\/cogito-institut.de\/index.php?rest_route=\/wp\/v2\/pages\/84\/revisions\/248"}],"wp:attachment":[{"href":"https:\/\/cogito-institut.de\/index.php?rest_route=%2Fwp%2Fv2%2Fmedia&parent=84"}],"curies":[{"name":"wp","href":"https:\/\/api.w.org\/{rel}","templated":true}]}}