{"id":78,"date":"2019-04-17T15:45:24","date_gmt":"2019-04-17T13:45:24","guid":{"rendered":"http:\/\/test.cogito-institut.eu\/?page_id=78"},"modified":"2019-04-18T15:06:58","modified_gmt":"2019-04-18T13:06:58","slug":"joerg-stadlinger","status":"publish","type":"page","link":"https:\/\/cogito-institut.de\/?page_id=78","title":{"rendered":"J\u00f6rg Stadlinger"},"content":{"rendered":"\n<figure class=\"wp-block-image is-resized\"><img loading=\"lazy\" decoding=\"async\" src=\"http:\/\/test.cogito-institut.eu\/wp-content\/uploads\/2019\/04\/J\u00f6rg-Stadlinger.jpg\" alt=\"\" class=\"wp-image-239\" width=\"190\" height=\"248\" srcset=\"https:\/\/cogito-institut.de\/wp-content\/uploads\/2019\/04\/J\u00f6rg-Stadlinger.jpg 333w, https:\/\/cogito-institut.de\/wp-content\/uploads\/2019\/04\/J\u00f6rg-Stadlinger-230x300.jpg 230w\" sizes=\"auto, (max-width: 190px) 100vw, 190px\" \/><\/figure>\n\n\n\n<p>Geb. 1955 in Dortmund; einige Zeit danach Grundkurs in Le\u00adsen\u00adschrei\u00adben\u00adrechnen, gymnasiale Fortbildung sowie Studium der Philosophie und Germanistik in M\u00fcnster\/Westf.; anschlie\u00dfend wissenschaftlicher Mitarbeiter am Institut f\u00fcr Allgemeine Erziehungswissenschaft der WWU; 1991 \u00dcbernahme der Leitung der Forschungs-, Informations- und Bildungsstelle beim Bund demokratischer Wissenschaftler und Wissenschaftlerinnen (FIB b. BdWi) in Marburg sowie der Gesch\u00e4ftsf\u00fchrung und Projektleitung bei der N.- Schrittweis-Stiftung; seit Mitte der 90er Jahre erste Kontakte zu COGITO und seitdem anhaltendes Erstaunen und nachhaltige Faszination angesichts der politisch-praktischen Bedeutung, die dem abseitigen Treiben von Philosophen in betrieblichen Zusammenh\u00e4ngen heute zukommt; darum um die Jahrtausendwende Wechsel in die Gesch\u00e4ftsf\u00fchrung von COGITO und wissenschaftliche Mitarbeit in verschiedenen Projekten. Aktueller Ar\u00adbeits\u00adschwerpunkt ist die philosophische Kritik von Konzepten des \u201eSelf\u00adma\u00adna\u00adge\u00adments\u201c sowie die Auseinandersetzung mit so\u00adzi\u00adal\u00adwis\u00adsen\u00adschaft\u00adli\u00adchen und managementtheoretischen Interpretationen der neuen Ar\u00adbeits\u00ador\u00adga\u00adni\u00adsa\u00adtion.<\/p>\n","protected":false},"excerpt":{"rendered":"<p>Geb. 1955 in Dortmund; einige Zeit danach Grundkurs in Le\u00adsen\u00adschrei\u00adben\u00adrechnen, gymnasiale Fortbildung sowie Studium der Philosophie und Germanistik in M\u00fcnster\/Westf.; anschlie\u00dfend wissenschaftlicher Mitarbeiter am Institut f\u00fcr Allgemeine Erziehungswissenschaft der WWU; 1991 \u00dcbernahme der Leitung der Forschungs-, Informations- und Bildungsstelle beim [&hellip;]<\/p>\n","protected":false},"author":1,"featured_media":0,"parent":0,"menu_order":0,"comment_status":"closed","ping_status":"closed","template":"","meta":{"footnotes":""},"class_list":["post-78","page","type-page","status-publish","hentry"],"_links":{"self":[{"href":"https:\/\/cogito-institut.de\/index.php?rest_route=\/wp\/v2\/pages\/78","targetHints":{"allow":["GET"]}}],"collection":[{"href":"https:\/\/cogito-institut.de\/index.php?rest_route=\/wp\/v2\/pages"}],"about":[{"href":"https:\/\/cogito-institut.de\/index.php?rest_route=\/wp\/v2\/types\/page"}],"author":[{"embeddable":true,"href":"https:\/\/cogito-institut.de\/index.php?rest_route=\/wp\/v2\/users\/1"}],"replies":[{"embeddable":true,"href":"https:\/\/cogito-institut.de\/index.php?rest_route=%2Fwp%2Fv2%2Fcomments&post=78"}],"version-history":[{"count":3,"href":"https:\/\/cogito-institut.de\/index.php?rest_route=\/wp\/v2\/pages\/78\/revisions"}],"predecessor-version":[{"id":240,"href":"https:\/\/cogito-institut.de\/index.php?rest_route=\/wp\/v2\/pages\/78\/revisions\/240"}],"wp:attachment":[{"href":"https:\/\/cogito-institut.de\/index.php?rest_route=%2Fwp%2Fv2%2Fmedia&parent=78"}],"curies":[{"name":"wp","href":"https:\/\/api.w.org\/{rel}","templated":true}]}}