{"id":69,"date":"2019-04-17T15:43:33","date_gmt":"2019-04-17T13:43:33","guid":{"rendered":"http:\/\/test.cogito-institut.eu\/?page_id=69"},"modified":"2026-01-04T10:44:21","modified_gmt":"2026-01-04T09:44:21","slug":"klaus-peters","status":"publish","type":"page","link":"https:\/\/cogito-institut.de\/?page_id=69","title":{"rendered":"Klaus Peters"},"content":{"rendered":"\n<figure class=\"wp-block-image size-large is-resized\"><img loading=\"lazy\" decoding=\"async\" width=\"928\" height=\"1024\" src=\"https:\/\/cogito-institut.de\/wp-content\/uploads\/2022\/10\/KP-September-2021-2b-928x1024.jpg\" alt=\"\" class=\"wp-image-912\" style=\"width:269px;height:295px\" srcset=\"https:\/\/cogito-institut.de\/wp-content\/uploads\/2022\/10\/KP-September-2021-2b-928x1024.jpg 928w, https:\/\/cogito-institut.de\/wp-content\/uploads\/2022\/10\/KP-September-2021-2b-272x300.jpg 272w, https:\/\/cogito-institut.de\/wp-content\/uploads\/2022\/10\/KP-September-2021-2b-768x847.jpg 768w, https:\/\/cogito-institut.de\/wp-content\/uploads\/2022\/10\/KP-September-2021-2b-1392x1536.jpg 1392w, https:\/\/cogito-institut.de\/wp-content\/uploads\/2022\/10\/KP-September-2021-2b.jpg 1802w\" sizes=\"auto, (max-width: 928px) 100vw, 928px\" \/><\/figure>\n\n\n\n<p>Kontakt: <a href=\"peters@cogito-institut.de\">peters@cogito-institut.de<\/a><br>Substack: <a href=\"https:\/\/klauspeters.substack.com\/\">klauspeters.substack.com<\/a><\/p>\n\n\n\n<p>Jahrgang 1948. Studium der Philosophie in Marburg und Hannover. 1972 Promotion bei Hans Heinz Holz \u00fcber die logische Form des Satzes \u201ecogito ergo sum\u201c und ihre Be\u00adzie\u00adhung zum Materiebegriff Descartes\u2019 (&#8222;Die Dialektik von Existenz und Extension&#8220;). <\/p>\n\n\n\n<p>1971 bis 1985 Arbeit am Philosophischen Institut der Universit\u00e4t Marburg. Schwerpunkte in Forschung und Lehre: Leibniz, Hegel, Marx. Leibniz\u00fcbersetzungen. Be\u00adsch\u00e4f\u00adti\u00adgung mit philosophischen Problemen des Spiegels, des Bildes und der Metapher. Spinoza-Studien. <\/p>\n\n\n\n<p>1984\/85\nAbl\u00f6sung von der Universit\u00e4t und Neuanfang mit einer freiheitstheoretischen,\ntechnikkritischen Marx-Interpretation, die sich auf die begriffliche Unterscheidung\nzwischen Produktivkraftentwicklung und technischem Fortschritt, sowie auf die\nDifferenz zwischen qualitativen und quantitativen Erkenntnisgrenzen st\u00fctzt\n(Aufs\u00e4tze: \u201eKarl Marx und die Kritik des wissenschaftlich-technischen\nFortschritts\u201c und: \u201e\u00dcber die Erkennbarkeit der Welt\u201c). <\/p>\n\n\n\n<p>Philosophiedozent\nan der K\u00f6lner Journalistenschule f\u00fcr Politik und Wirtschaft (bis 1996).<\/p>\n\n\n\n<p>1992 bis 1999 gemeinsam mit dem Betriebsratsvorsitzenden von IBM in D\u00fcsseldorf, Wilfried Gli\u00dfmann, sowie Stephan Siemens Untersuchung der freiheitstheoretischen Implikationen neuer Formen der Arbeitsorganisation am Beispiel von IBM. 1995 Ver\u00f6ffentlichung des Aufsatzes: \u201eDer Begriff der Autonomie und die Reorganisation von Unternehmen\u201c. Begr\u00fcndung einer Theorie der indirekten Steuerung in Unternehmen (seit 1999) und Entwicklung des Konzepts der interessierten Selbstgef\u00e4hrdung (2009).<\/p>\n\n\n\n<p>Seit 1998 Referent in Betriebsr\u00e4teseminaren und bei zahlreichen Betriebsversammlungen u.a. bei Siemens, DaimlerChrysler, IBM, T-Systems, VW, Vodafone. Zusammenarbeit mit: IG Metall, ver.di, GPA, Sozialakademie der Arbeiterkammer Wien, FABI u.a. 2001 gemeinsam mit Wilfried Gli\u00dfmann Ver\u00f6ffentlichung des Buches \u201eMehr Druck durch mehr Freiheit\u201c. Seit 2001 Mitwirkung an mehreren Forschungsprojekten des Bundesministeriums f\u00fcr Bildung und Forschung, sowie an Gestaltungsprozessen in Gro\u00dfunternehmen.<\/p>\n\n\n\n<p>2002 Gr\u00fcndung des COGITO-Instituts f\u00fcr Autonomieforschung gemeinsam mit Wilfried Gli\u00dfmann und J\u00f6rg Stadlinger; Entwurf der <a href=\"https:\/\/cogito-institut.de\/?page_id=42\">Gr\u00fcndungserkl\u00e4rung des Instituts<\/a>.<\/p>\n","protected":false},"excerpt":{"rendered":"<p>Kontakt: peters@cogito-institut.deSubstack: klauspeters.substack.com Jahrgang 1948. Studium der Philosophie in Marburg und Hannover. 1972 Promotion bei Hans Heinz Holz \u00fcber die logische Form des Satzes \u201ecogito ergo sum\u201c und ihre Be\u00adzie\u00adhung zum Materiebegriff Descartes\u2019 (&#8222;Die Dialektik von Existenz und Extension&#8220;). 1971 [&hellip;]<\/p>\n","protected":false},"author":1,"featured_media":0,"parent":0,"menu_order":0,"comment_status":"closed","ping_status":"closed","template":"","meta":{"footnotes":""},"class_list":["post-69","page","type-page","status-publish","hentry"],"_links":{"self":[{"href":"https:\/\/cogito-institut.de\/index.php?rest_route=\/wp\/v2\/pages\/69","targetHints":{"allow":["GET"]}}],"collection":[{"href":"https:\/\/cogito-institut.de\/index.php?rest_route=\/wp\/v2\/pages"}],"about":[{"href":"https:\/\/cogito-institut.de\/index.php?rest_route=\/wp\/v2\/types\/page"}],"author":[{"embeddable":true,"href":"https:\/\/cogito-institut.de\/index.php?rest_route=\/wp\/v2\/users\/1"}],"replies":[{"embeddable":true,"href":"https:\/\/cogito-institut.de\/index.php?rest_route=%2Fwp%2Fv2%2Fcomments&post=69"}],"version-history":[{"count":56,"href":"https:\/\/cogito-institut.de\/index.php?rest_route=\/wp\/v2\/pages\/69\/revisions"}],"predecessor-version":[{"id":942,"href":"https:\/\/cogito-institut.de\/index.php?rest_route=\/wp\/v2\/pages\/69\/revisions\/942"}],"wp:attachment":[{"href":"https:\/\/cogito-institut.de\/index.php?rest_route=%2Fwp%2Fv2%2Fmedia&parent=69"}],"curies":[{"name":"wp","href":"https:\/\/api.w.org\/{rel}","templated":true}]}}

<figure class="wp-block-image size-large is-resized"><img loading="lazy" decoding="async" width="928" height="1024" src="https://cogito-institut.de/wp-content/uploads/2022/10/KP-September-2021-2b-928x1024.jpg" alt="" class="wp-image-912" style="width:269px;height:295px" srcset="https://cogito-institut.de/wp-content/uploads/2022/10/KP-September-2021-2b-928x1024.jpg 928w, https://cogito-institut.de/wp-content/uploads/2022/10/KP-September-2021-2b-272x300.jpg 272w, https://cogito-institut.de/wp-content/uploads/2022/10/KP-September-2021-2b-768x847.jpg 768w, https://cogito-institut.de/wp-content/uploads/2022/10/KP-September-2021-2b-1392x1536.jpg 1392w, https://cogito-institut.de/wp-content/uploads/2022/10/KP-September-2021-2b.jpg 1802w" sizes="auto, (max-width: 928px) 100vw, 928px" /></figure>



<p>Kontakt: <a href="peters@cogito-institut.de">peters@cogito-institut.de</a><br>Substack: <a href="https://klauspeters.substack.com/">klauspeters.substack.com</a></p>



<p>Jahrgang 1948. Studium der Philosophie in Marburg und Hannover. 1972 Promotion bei Hans Heinz Holz über die logische Form des Satzes „cogito ergo sum“ und ihre Be­zie­hung zum Materiebegriff Descartes’ (&#8222;Die Dialektik von Existenz und Extension&#8220;). </p>



<p>1971 bis 1985 Arbeit am Philosophischen Institut der Universität Marburg. Schwerpunkte in Forschung und Lehre: Leibniz, Hegel, Marx. Leibnizübersetzungen. Be­schäf­ti­gung mit philosophischen Problemen des Spiegels, des Bildes und der Metapher. Spinoza-Studien. </p>



<p>1984/85
Ablösung von der Universität und Neuanfang mit einer freiheitstheoretischen,
technikkritischen Marx-Interpretation, die sich auf die begriffliche Unterscheidung
zwischen Produktivkraftentwicklung und technischem Fortschritt, sowie auf die
Differenz zwischen qualitativen und quantitativen Erkenntnisgrenzen stützt
(Aufsätze: „Karl Marx und die Kritik des wissenschaftlich-technischen
Fortschritts“ und: „Über die Erkennbarkeit der Welt“). </p>



<p>Philosophiedozent
an der Kölner Journalistenschule für Politik und Wirtschaft (bis 1996).</p>



<p>1992 bis 1999 gemeinsam mit dem Betriebsratsvorsitzenden von IBM in Düsseldorf, Wilfried Glißmann, sowie Stephan Siemens Untersuchung der freiheitstheoretischen Implikationen neuer Formen der Arbeitsorganisation am Beispiel von IBM. 1995 Veröffentlichung des Aufsatzes: „Der Begriff der Autonomie und die Reorganisation von Unternehmen“. Begründung einer Theorie der indirekten Steuerung in Unternehmen (seit 1999) und Entwicklung des Konzepts der interessierten Selbstgefährdung (2009).</p>



<p>Seit 1998 Referent in Betriebsräteseminaren und bei zahlreichen Betriebsversammlungen u.a. bei Siemens, DaimlerChrysler, IBM, T-Systems, VW, Vodafone. Zusammenarbeit mit: IG Metall, ver.di, GPA, Sozialakademie der Arbeiterkammer Wien, FABI u.a. 2001 gemeinsam mit Wilfried Glißmann Veröffentlichung des Buches „Mehr Druck durch mehr Freiheit“. Seit 2001 Mitwirkung an mehreren Forschungsprojekten des Bundesministeriums für Bildung und Forschung, sowie an Gestaltungsprozessen in Großunternehmen.</p>



<p>2002 Gründung des COGITO-Instituts für Autonomieforschung gemeinsam mit Wilfried Glißmann und Jörg Stadlinger; Entwurf der <a href="https://cogito-institut.de/?page_id=42">Gründungserklärung des Instituts</a>.</p>

<p>Kontakt: peters@cogito-institut.deSubstack: klauspeters.substack.com Jahrgang 1948. Studium der Philosophie in Marburg und Hannover. 1972 Promotion bei Hans Heinz Holz über die logische Form des Satzes „cogito ergo sum“ und ihre Be­zie­hung zum Materiebegriff Descartes’ (&#8222;Die Dialektik von Existenz und Extension&#8220;). 1971 [&hellip;]</p>
