{"id":427,"date":"2019-04-19T16:10:19","date_gmt":"2019-04-19T14:10:19","guid":{"rendered":"http:\/\/test.cogito-institut.eu\/?page_id=427"},"modified":"2019-05-23T11:05:08","modified_gmt":"2019-05-23T09:05:08","slug":"projekte","status":"publish","type":"page","link":"https:\/\/cogito-institut.de\/?page_id=427","title":{"rendered":"Projekte"},"content":{"rendered":"\n<div class=\"wp-block-columns has-2-columns is-layout-flex wp-container-core-columns-is-layout-9d6595d7 wp-block-columns-is-layout-flex\">\n<div class=\"wp-block-column is-layout-flow wp-block-column-is-layout-flow\"><\/div>\n\n\n\n<div class=\"wp-block-column is-layout-flow wp-block-column-is-layout-flow\"><\/div>\n<\/div>\n\n\n\n<div class=\"wp-block-columns has-2-columns is-layout-flex wp-container-core-columns-is-layout-9d6595d7 wp-block-columns-is-layout-flex\">\n<div class=\"wp-block-column is-layout-flow wp-block-column-is-layout-flow\">\n<p><strong>Kooperationsprojekt ver.di Fachbereich 3 (Gesundheit und Soziales) &amp; COGITO:<br><\/strong>Entlastung in Gesundheitsberufen unter Bedingungen indirekter Steuerung. <a href=\"http:\/\/cogito-institut.de\/?page_id=476\">N\u00e4heres hier.<\/a><\/p>\n<\/div>\n\n\n\n<div class=\"wp-block-column is-layout-flow wp-block-column-is-layout-flow\">\n<figure class=\"wp-block-image is-resized\"><img loading=\"lazy\" decoding=\"async\" src=\"http:\/\/test.cogito-institut.eu\/wp-content\/uploads\/2019\/04\/verdi.png\" alt=\"\" class=\"wp-image-370\" width=\"143\" height=\"143\" srcset=\"https:\/\/cogito-institut.de\/wp-content\/uploads\/2019\/04\/verdi.png 200w, https:\/\/cogito-institut.de\/wp-content\/uploads\/2019\/04\/verdi-150x150.png 150w\" sizes=\"auto, (max-width: 143px) 100vw, 143px\" \/><\/figure>\n<\/div>\n<\/div>\n\n\n\n<p style=\"text-align:left\">_______________________________________________________________________<\/p>\n\n\n\n<p><\/p>\n\n\n\n<div class=\"wp-block-columns has-2-columns is-layout-flex wp-container-core-columns-is-layout-9d6595d7 wp-block-columns-is-layout-flex\">\n<div class=\"wp-block-column is-layout-flow wp-block-column-is-layout-flow\">\n<p><strong>COGITO ist beteiligt an Forschungsprojekten des Bundesministeriums f\u00fcr Bildung und  Forschung:<\/strong><\/p>\n<\/div>\n\n\n\n<div class=\"wp-block-column is-layout-flow wp-block-column-is-layout-flow\">\n<figure class=\"wp-block-image is-resized\"><img loading=\"lazy\" decoding=\"async\" src=\"http:\/\/test.cogito-institut.eu\/wp-content\/uploads\/2019\/04\/soda-bmbf-logo.png\" alt=\"\" class=\"wp-image-332\" width=\"186\" height=\"136\"\/><\/figure>\n<\/div>\n<\/div>\n\n\n\n<div class=\"wp-block-columns has-2-columns is-layout-flex wp-container-core-columns-is-layout-9d6595d7 wp-block-columns-is-layout-flex\">\n<div class=\"wp-block-column is-layout-flow wp-block-column-is-layout-flow\">\n<p>Selbstst\u00e4ndigkeit in Organisationen der digitalisierten Arbeitswelt <br><strong><a href=\"http:\/\/www.soda-projekt.de\" target=\"_blank\" rel=\"noreferrer noopener\" aria-label=\" (\u00f6ffnet in neuem Tab)\">www.soda-projekt.de<\/a><\/strong><\/p>\n<\/div>\n\n\n\n<div class=\"wp-block-column is-layout-flow wp-block-column-is-layout-flow\">\n<figure class=\"wp-block-image is-resized\"><img loading=\"lazy\" decoding=\"async\" src=\"http:\/\/test.cogito-institut.eu\/wp-content\/uploads\/2019\/04\/soda-logo-2.png\" alt=\"\" class=\"wp-image-360\" width=\"151\" height=\"77\"\/><\/figure>\n<\/div>\n<\/div>\n\n\n\n<div class=\"wp-block-columns has-2-columns is-layout-flex wp-container-core-columns-is-layout-9d6595d7 wp-block-columns-is-layout-flex\">\n<div class=\"wp-block-column is-layout-flow wp-block-column-is-layout-flow\">\n<p> Reflexives Projektmanagement<br>f\u00fcr nachhaltige Innovationsarbeit<br><strong><a href=\"http:\/\/www.reprona.de\" target=\"_blank\" rel=\"noreferrer noopener\" aria-label=\" (\u00f6ffnet in neuem Tab)\">www.reprona.de<\/a><\/strong> <\/p>\n<\/div>\n\n\n\n<div class=\"wp-block-column is-layout-flow wp-block-column-is-layout-flow\">\n<figure class=\"wp-block-image is-resized\"><img loading=\"lazy\" decoding=\"async\" src=\"http:\/\/test.cogito-institut.eu\/wp-content\/uploads\/2019\/04\/ReProNa_Logo_260px-1.png\" alt=\"\" class=\"wp-image-354\" width=\"192\" height=\"90\" srcset=\"https:\/\/cogito-institut.de\/wp-content\/uploads\/2019\/04\/ReProNa_Logo_260px-1.png 549w, https:\/\/cogito-institut.de\/wp-content\/uploads\/2019\/04\/ReProNa_Logo_260px-1-300x142.png 300w\" sizes=\"auto, (max-width: 192px) 100vw, 192px\" \/><\/figure>\n\n\n\n<p><\/p>\n<\/div>\n<\/div>\n\n\n\n<div class=\"wp-block-columns has-2-columns is-layout-flex wp-container-core-columns-is-layout-9d6595d7 wp-block-columns-is-layout-flex\">\n<div class=\"wp-block-column is-layout-flow wp-block-column-is-layout-flow\">\n<p>Pr\u00e4ventionsorientierte Gestaltung<br> mobiler Arbeit<br><strong><a href=\"http:\/\/www.prentimo.de\" target=\"_blank\" rel=\"noreferrer noopener\" aria-label=\" (\u00f6ffnet in neuem Tab)\">www.prentimo.de<\/a><\/strong> <\/p>\n<\/div>\n\n\n\n<div class=\"wp-block-column is-layout-flow wp-block-column-is-layout-flow\">\n<figure class=\"wp-block-image is-resized\"><img loading=\"lazy\" decoding=\"async\" src=\"http:\/\/test.cogito-institut.eu\/wp-content\/uploads\/2019\/04\/prentimo_logo-ohne-claim-720px-e1555672234874.png\" alt=\"\" class=\"wp-image-322\" width=\"190\" height=\"129\"\/><\/figure>\n<\/div>\n<\/div>\n\n\n\n<div class=\"wp-block-columns has-2-columns is-layout-flex wp-container-core-columns-is-layout-9d6595d7 wp-block-columns-is-layout-flex\">\n<div class=\"wp-block-column is-layout-flow wp-block-column-is-layout-flow\"><\/div>\n\n\n\n<div class=\"wp-block-column is-layout-flow wp-block-column-is-layout-flow\"><\/div>\n<\/div>\n","protected":false},"excerpt":{"rendered":"<p>Kooperationsprojekt ver.di Fachbereich 3 (Gesundheit und Soziales) &amp; COGITO:Entlastung in Gesundheitsberufen unter Bedingungen indirekter Steuerung. N\u00e4heres hier. _______________________________________________________________________ COGITO ist beteiligt an Forschungsprojekten des Bundesministeriums f\u00fcr Bildung und Forschung: Selbstst\u00e4ndigkeit in Organisationen der digitalisierten Arbeitswelt www.soda-projekt.de Reflexives Projektmanagementf\u00fcr nachhaltige Innovationsarbeitwww.reprona.de [&hellip;]<\/p>\n","protected":false},"author":1,"featured_media":0,"parent":0,"menu_order":0,"comment_status":"closed","ping_status":"closed","template":"","meta":{"footnotes":""},"class_list":["post-427","page","type-page","status-publish","hentry"],"_links":{"self":[{"href":"https:\/\/cogito-institut.de\/index.php?rest_route=\/wp\/v2\/pages\/427","targetHints":{"allow":["GET"]}}],"collection":[{"href":"https:\/\/cogito-institut.de\/index.php?rest_route=\/wp\/v2\/pages"}],"about":[{"href":"https:\/\/cogito-institut.de\/index.php?rest_route=\/wp\/v2\/types\/page"}],"author":[{"embeddable":true,"href":"https:\/\/cogito-institut.de\/index.php?rest_route=\/wp\/v2\/users\/1"}],"replies":[{"embeddable":true,"href":"https:\/\/cogito-institut.de\/index.php?rest_route=%2Fwp%2Fv2%2Fcomments&post=427"}],"version-history":[{"count":21,"href":"https:\/\/cogito-institut.de\/index.php?rest_route=\/wp\/v2\/pages\/427\/revisions"}],"predecessor-version":[{"id":785,"href":"https:\/\/cogito-institut.de\/index.php?rest_route=\/wp\/v2\/pages\/427\/revisions\/785"}],"wp:attachment":[{"href":"https:\/\/cogito-institut.de\/index.php?rest_route=%2Fwp%2Fv2%2Fmedia&parent=427"}],"curies":[{"name":"wp","href":"https:\/\/api.w.org\/{rel}","templated":true}]}}